{"id":81,"date":"2023-11-29T22:34:02","date_gmt":"2023-11-29T21:34:02","guid":{"rendered":"https:\/\/mariecabrejas.fr\/?page_id=81"},"modified":"2025-09-18T14:53:13","modified_gmt":"2025-09-18T12:53:13","slug":"81-2","status":"publish","type":"page","link":"https:\/\/mariecabrejas.fr\/index.php\/81-2\/","title":{"rendered":"Naturopathie"},"content":{"rendered":"\n<div class=\"wp-block-cover alignfull has-parallax\"><div class=\"wp-block-cover__image-background wp-image-89 has-parallax\" style=\"background-position:50% 50%;background-image:url(https:\/\/mariecabrejas.fr\/wp-content\/uploads\/2023\/11\/Design-sans-titre-1-edited.png)\"><\/div><span aria-hidden=\"true\" class=\"wp-block-cover__background has-background-dim\"><\/span><div class=\"wp-block-cover__inner-container is-layout-flow wp-block-cover-is-layout-flow\">\n<p class=\"has-text-align-center has-large-font-size\"><strong>Qu&rsquo;est-ce que la naturopathie ?<\/strong><\/p>\n<\/div><\/div>\n\n\n\n<div style=\"height:46px\" aria-hidden=\"true\" class=\"wp-block-spacer\"><\/div>\n\n\n\n<p class=\"my-justify-class\">La naturopathie est une approche de sant\u00e9 qui met l&rsquo;accent sur le pouvoir de gu\u00e9rison naturel du corps.<\/p>\n\n\n\n<p class=\"my-justify-class\">Elle s&rsquo;appuie sur des m\u00e9thodes naturelles telles que l&rsquo;alimentation, l&rsquo;exercice physique, le bien \u00eatre psychique, les plantes m\u00e9dicinales et d&rsquo;autres techniques pour favoriser la sant\u00e9 et le bien-\u00eatre.<\/p>\n\n\n\n<p class=\"my-justify-class\">En se concentrant sur la pr\u00e9vention et la recherche des causes profondes des d\u00e9s\u00e9quilibres, la naturopathie cherche \u00e0 soutenir la capacit\u00e9 du corps \u00e0 s&rsquo;auto-r\u00e9g\u00e9n\u00e9rer. Cette approche douce et personnalis\u00e9e vise \u00e0 vous aider \u00e0 retrouver votre vitalit\u00e9 et \u00e0 maintenir un \u00e9quilibre global entre le corps, l&rsquo;esprit et l&rsquo;environnement.<\/p>\n\n\n\n<div style=\"height:16px\" aria-hidden=\"true\" class=\"wp-block-spacer\"><\/div>\n\n\n\n<div class=\"wp-block-cover alignfull is-light has-neve-text-color-color has-text-color has-link-color wp-elements-6e9093d66ed4bc31a1761d8f5bd04445\" style=\"padding-top:var(--wp--preset--spacing--50);padding-bottom:var(--wp--preset--spacing--50);min-height:407px;aspect-ratio:unset;\"><span aria-hidden=\"true\" class=\"wp-block-cover__background has-nv-c-1-background-color has-background-dim\"><\/span><div class=\"wp-block-cover__inner-container is-layout-flow wp-block-cover-is-layout-flow\"><div class=\"wp-block-image  is-style-circle-mask\">\n<figure class=\"aligncenter size-large is-resized\"><img loading=\"lazy\" decoding=\"async\" width=\"681\" height=\"1024\" src=\"http:\/\/mariecabrejas.fr\/wp-content\/uploads\/2025\/09\/gaelle-marcel-UOJeTKFwoJc-unsplash-681x1024.jpg\" alt=\"\" class=\"wp-image-782\" style=\"width:180px;height:auto\" srcset=\"https:\/\/mariecabrejas.fr\/wp-content\/uploads\/2025\/09\/gaelle-marcel-UOJeTKFwoJc-unsplash-681x1024.jpg 681w, https:\/\/mariecabrejas.fr\/wp-content\/uploads\/2025\/09\/gaelle-marcel-UOJeTKFwoJc-unsplash-200x300.jpg 200w, https:\/\/mariecabrejas.fr\/wp-content\/uploads\/2025\/09\/gaelle-marcel-UOJeTKFwoJc-unsplash-768x1154.jpg 768w, https:\/\/mariecabrejas.fr\/wp-content\/uploads\/2025\/09\/gaelle-marcel-UOJeTKFwoJc-unsplash-1022x1536.jpg 1022w, https:\/\/mariecabrejas.fr\/wp-content\/uploads\/2025\/09\/gaelle-marcel-UOJeTKFwoJc-unsplash-1363x2048.jpg 1363w, https:\/\/mariecabrejas.fr\/wp-content\/uploads\/2025\/09\/gaelle-marcel-UOJeTKFwoJc-unsplash-scaled.jpg 1703w\" sizes=\"auto, (max-width: 681px) 100vw, 681px\" \/><\/figure>\n<\/div>\n\n\n<p class=\"has-text-align-center has-large-font-size\">Une naturopathie vivante et moderne <\/p>\n\n\n\n<p class=\"has-text-align-center\">pour s\u00e9lectionner parmi les diverses techniques de naturopathie celles qui s&rsquo;adapteront le mieux \u00e0 vos besoins et \u00e0 votre style de vie<\/p>\n\n\n\n<div class=\"wp-block-buttons is-content-justification-center is-layout-flex wp-container-core-buttons-is-layout-16018d1d wp-block-buttons-is-layout-flex\">\n<div class=\"wp-block-button is-style-secondary\"><a class=\"wp-block-button__link has-neve-text-color-color has-text-color has-link-color has-small-font-size has-custom-font-size wp-element-button\" href=\"https:\/\/calendly.com\/marie-cabrejas-naturo\/premiere-seance-de-naturopathie\" style=\"border-radius:100px\" target=\"_blank\" rel=\"noreferrer noopener\">Prendre rendez-vous<\/a><\/div>\n<\/div>\n<\/div><\/div>\n\n\n\n<div style=\"height:52px\" aria-hidden=\"true\" class=\"wp-block-spacer\"><\/div>\n\n\n\n<div class=\"wp-block-columns alignwide is-layout-flex wp-container-core-columns-is-layout-9d6595d7 wp-block-columns-is-layout-flex\">\n<div class=\"wp-block-column is-vertically-aligned-top my-justify-class is-layout-flow wp-block-column-is-layout-flow\" style=\"flex-basis:33.33%\">\n<div class=\"wp-block-group\"><div class=\"wp-block-group__inner-container is-layout-constrained wp-block-group-is-layout-constrained\"><div class=\"wp-block-image\">\n<figure class=\"aligncenter size-full is-resized\"><img loading=\"lazy\" decoding=\"async\" width=\"512\" height=\"512\" src=\"https:\/\/mariecabrejas.fr\/wp-content\/uploads\/2023\/12\/alimentation-equilibree.png\" alt=\"\" class=\"wp-image-164\" style=\"width:88px;height:auto\" srcset=\"https:\/\/mariecabrejas.fr\/wp-content\/uploads\/2023\/12\/alimentation-equilibree.png 512w, https:\/\/mariecabrejas.fr\/wp-content\/uploads\/2023\/12\/alimentation-equilibree-300x300.png 300w, https:\/\/mariecabrejas.fr\/wp-content\/uploads\/2023\/12\/alimentation-equilibree-150x150.png 150w\" sizes=\"auto, (max-width: 512px) 100vw, 512px\" \/><\/figure>\n<\/div>\n\n\n<p class=\"has-text-align-center has-small-font-size\"><strong>L&rsquo;alimentation<\/strong><\/p>\n\n\n\n<p class=\"my-justify-class has-small-font-size\">L&rsquo;alimentation occupe un r\u00f4le central en naturopathie, \u00e9tant consid\u00e9r\u00e9e comme l&rsquo;un des piliers fondamentaux de la sant\u00e9 globale. C&rsquo;est un outil de pr\u00e9vention et de soutien lors de d\u00e9s\u00e9quilibres physiologiques. La naturopathie accorde une grande importance \u00e0 une alimentation \u00e9quilibr\u00e9e, vari\u00e9e et adapt\u00e9e \u00e0 chaque individu. Elle vise \u00e0 favoriser la consommation d&rsquo;aliments naturels et complets, riches en nutriments essentiels afin de soutenir le fonctionnement optimal du corps.<\/p>\n<\/div><\/div>\n<\/div>\n\n\n\n<div class=\"wp-block-column is-vertically-aligned-stretch my-justify-class is-layout-flow wp-block-column-is-layout-flow\" style=\"flex-basis:33.33%\">\n<div class=\"wp-block-group\"><div class=\"wp-block-group__inner-container is-layout-constrained wp-block-group-is-layout-constrained\"><div class=\"wp-block-image\">\n<figure class=\"aligncenter size-full is-resized\"><img loading=\"lazy\" decoding=\"async\" width=\"512\" height=\"512\" src=\"https:\/\/mariecabrejas.fr\/wp-content\/uploads\/2023\/12\/faire-de-lexercice.png\" alt=\"\" class=\"wp-image-168\" style=\"width:86px;height:auto\" srcset=\"https:\/\/mariecabrejas.fr\/wp-content\/uploads\/2023\/12\/faire-de-lexercice.png 512w, https:\/\/mariecabrejas.fr\/wp-content\/uploads\/2023\/12\/faire-de-lexercice-300x300.png 300w, https:\/\/mariecabrejas.fr\/wp-content\/uploads\/2023\/12\/faire-de-lexercice-150x150.png 150w\" sizes=\"auto, (max-width: 512px) 100vw, 512px\" \/><\/figure>\n<\/div>\n\n\n<p class=\"has-text-align-center has-small-font-size\"><strong>L&rsquo;activit\u00e9 physique <\/strong><\/p>\n\n\n\n<p class=\"has-text-align-left my-justify-class has-small-font-size\">L&rsquo;activit\u00e9 physique contribue de mani\u00e8re significative \u00e0 la sant\u00e9 et au bien-\u00eatre global. Elle est consid\u00e9r\u00e9e comme un \u00e9l\u00e9ment essentiel pour maintenir l&rsquo;\u00e9quilibre du corps et de l&rsquo;esprit. En naturopathie, l&rsquo;exercice est vu comme un moyen naturel de renforcer le syst\u00e8me immunitaire, d&rsquo;am\u00e9liorer la circulation sanguine, de favoriser l&rsquo;\u00e9limination des toxines et de maintenir la flexibilit\u00e9 des articulations. Adapt\u00e9e \u00e0 chaque individu en fonction de ses capacit\u00e9s et de son \u00e9tat de sant\u00e9, l&rsquo;activit\u00e9 physique joue un r\u00f4le crucial dans la gestion du stress, la r\u00e9gulation du sommeil et la promotion d&rsquo;une meilleure sant\u00e9 mentale. <\/p>\n<\/div><\/div>\n<\/div>\n\n\n\n<div class=\"wp-block-column is-vertically-aligned-stretch is-layout-flow wp-block-column-is-layout-flow\" style=\"flex-basis:33.33%\">\n<div class=\"wp-block-group\"><div class=\"wp-block-group__inner-container is-layout-constrained wp-block-group-is-layout-constrained\"><div class=\"wp-block-image\">\n<figure class=\"aligncenter size-full is-resized\"><img loading=\"lazy\" decoding=\"async\" width=\"512\" height=\"512\" src=\"https:\/\/mariecabrejas.fr\/wp-content\/uploads\/2023\/12\/emotion.png\" alt=\"\" class=\"wp-image-169\" style=\"width:82px;height:auto\" srcset=\"https:\/\/mariecabrejas.fr\/wp-content\/uploads\/2023\/12\/emotion.png 512w, https:\/\/mariecabrejas.fr\/wp-content\/uploads\/2023\/12\/emotion-300x300.png 300w, https:\/\/mariecabrejas.fr\/wp-content\/uploads\/2023\/12\/emotion-150x150.png 150w\" sizes=\"auto, (max-width: 512px) 100vw, 512px\" \/><\/figure>\n<\/div>\n\n\n<p class=\"has-text-align-center has-small-font-size\"><strong>La gestion des \u00e9motions <\/strong><\/p>\n\n\n\n<p class=\"has-text-align-left my-justify-class my-justify-class-red has-small-font-size\">La gestion des \u00e9motions est un \u00e9l\u00e9ment cl\u00e9 pour promouvoir une sant\u00e9 globale et un bien-\u00eatre \u00e9quilibr\u00e9. La naturopathie met l&rsquo;accent sur l&rsquo;importance de comprendre, d&rsquo;accepter et de g\u00e9rer les \u00e9motions, en favorisant des approches telles que la m\u00e9ditation, la respiration consciente, la relaxation. Mais aussi par le biais de techniques de gestion du stress, la naturopathie encourage \u00e0 cultiver un \u00e9tat \u00e9motionnel positif. Cette approche vise \u00e0 r\u00e9duire le stress chronique, \u00e0 am\u00e9liorer la qualit\u00e9 du sommeil, \u00e0 renforcer le syst\u00e8me immunitaire et \u00e0 favoriser un \u00e9quilibre psychologique et physique.<\/p>\n<\/div><\/div>\n<\/div>\n<\/div>\n\n\n\n<div class=\"wp-block-cover alignfull\"><span aria-hidden=\"true\" class=\"wp-block-cover__background has-custom-2-background-color has-background-dim-80 has-background-dim\"><\/span><div class=\"wp-block-cover__inner-container is-layout-constrained wp-block-cover-is-layout-constrained\">\n<div style=\"height:30px\" aria-hidden=\"true\" class=\"wp-block-spacer\"><\/div>\n\n\n\n<h3 class=\"wp-block-heading has-text-align-center\">Comment se d\u00e9roule une s\u00e9ance de naturopathie ?<\/h3>\n\n\n\n<div class=\"wp-block-columns alignwide is-layout-flex wp-container-core-columns-is-layout-9d6595d7 wp-block-columns-is-layout-flex\">\n<div class=\"wp-block-column is-layout-flow wp-block-column-is-layout-flow\" style=\"flex-basis:50%\">\n<div class=\"wp-block-group\"><div class=\"wp-block-group__inner-container is-layout-constrained wp-block-group-is-layout-constrained\">\n<h4 class=\"wp-block-heading has-text-align-center\">La premi\u00e8re s\u00e9ance<\/h4>\n\n\n\n<p>Une premi\u00e8re consultation de<strong> 1h30<\/strong><\/p>\n\n\n\n<p class=\"my-justify-class\">Nous commen\u00e7ons par une <strong>discussion approfondie,<\/strong> o\u00f9 j&rsquo;\u00e9coute attentivement vos pr\u00e9occupations, vos ant\u00e9c\u00e9dents m\u00e9dicaux et votre mode de vie. En comprenant votre situation dans sa globalit\u00e9, je suis en mesure d&rsquo;identifier les d\u00e9s\u00e9quilibres potentiels et les zones \u00e0 am\u00e9liorer. Ensuite, nous \u00e9tablissons ensemble des <strong>objectifs <\/strong>r\u00e9alistes pour restaurer l&rsquo;\u00e9quilibre naturel de votre corps. La consultation se termine par la proposition d&rsquo;une <strong>fiche conseils personnalis\u00e9<\/strong>e, que je vous envoie sous 24 heures qui comprendra des conseils alimentaires et d&rsquo;hygi\u00e8ne de vie, des liens vers des exercices ou des \u00e9l\u00e9ments \u00e0 vous procurer (compl\u00e9ments alimentaires, accessoires pour la mise en place de certaines techniques, etc.).<\/p>\n\n\n\n<p class=\"my-justify-class\">Je reste disponible par mail ou t\u00e9l\u00e9phone pour toute question tout au long de la mise en place de votre programme.<\/p>\n\n\n\n<p><\/p>\n<\/div><\/div>\n<\/div>\n\n\n\n<div class=\"wp-block-column is-layout-flow wp-block-column-is-layout-flow\" style=\"padding-left:var(--wp--preset--spacing--20);flex-basis:50%\">\n<div class=\"wp-block-group\"><div class=\"wp-block-group__inner-container is-layout-constrained wp-block-group-is-layout-constrained\">\n<h4 class=\"wp-block-heading has-text-align-center\">La consultation de suivi<\/h4>\n\n\n\n<p>Une s\u00e9ance de suivi de <strong>45 minutes<\/strong><\/p>\n\n\n\n<p class=\"my-justify-class\">Selon votre objectif,&nbsp;une consultation de suivi sera peut-\u00eatre n\u00e9cessaire. Elle pourra avoir lieu&nbsp;entre 6 semaines et 3 mois apr\u00e8s la premi\u00e8re consultation&nbsp;et aura pour but de <strong>faire le point ensemble<\/strong> et d\u2019ajuster les diff\u00e9rents conseils et techniques propos\u00e9s lors de la premi\u00e8re consultation.<\/p>\n<\/div><\/div>\n<\/div>\n<\/div>\n<\/div><\/div>\n\n\n\n<div style=\"height:78px\" aria-hidden=\"true\" class=\"wp-block-spacer\"><\/div>\n\n\n\n<div class=\"wp-block-buttons is-content-justification-center is-layout-flex wp-container-core-buttons-is-layout-16018d1d wp-block-buttons-is-layout-flex\">\n<div class=\"wp-block-button is-style-secondary\"><a class=\"wp-block-button__link has-custom-3-color has-text-color has-link-color has-text-align-center wp-element-button\" href=\"https:\/\/mariecabrejas.fr\/index.php\/tarifs\/\" style=\"border-radius:100px\">Prestations &amp; tarifs<\/a><\/div>\n<\/div>\n\n\n\n<div style=\"height:81px\" aria-hidden=\"true\" class=\"wp-block-spacer\"><\/div>\n","protected":false},"excerpt":{"rendered":"<p>La naturopathie est une approche de sant\u00e9 qui met l&rsquo;accent sur le pouvoir de gu\u00e9rison naturel du corps. Elle s&rsquo;appuie sur des m\u00e9thodes naturelles telles que l&rsquo;alimentation, l&rsquo;exercice physique, le bien \u00eatre psychique, les plantes m\u00e9dicinales et d&rsquo;autres techniques pour favoriser la sant\u00e9 et le bien-\u00eatre. En se concentrant sur la pr\u00e9vention et la recherche&hellip;&nbsp;<a href=\"https:\/\/mariecabrejas.fr\/index.php\/81-2\/\" rel=\"bookmark\">Lire la suite &raquo;<span class=\"screen-reader-text\">Naturopathie<\/span><\/a><\/p>\n","protected":false},"author":1,"featured_media":0,"parent":0,"menu_order":0,"comment_status":"closed","ping_status":"closed","template":"","meta":{"_monsterinsights_skip_tracking":false,"_monsterinsights_sitenote_active":false,"_monsterinsights_sitenote_note":"","_monsterinsights_sitenote_category":0,"neve_meta_sidebar":"","neve_meta_container":"","neve_meta_enable_content_width":"","neve_meta_content_width":0,"neve_meta_title_alignment":"","neve_meta_author_avatar":"","neve_post_elements_order":"","neve_meta_disable_header":"","neve_meta_disable_footer":"","neve_meta_disable_title":"on","footnotes":""},"class_list":["post-81","page","type-page","status-publish","hentry"],"yoast_head":"<!-- This site is optimized with the Yoast SEO plugin v26.8 - https:\/\/yoast.com\/product\/yoast-seo-wordpress\/ -->\n<title>Naturopathie - Marie Cabrejas<\/title>\n<meta name=\"robots\" content=\"index, follow, max-snippet:-1, max-image-preview:large, max-video-preview:-1\" \/>\n<link rel=\"canonical\" href=\"https:\/\/mariecabrejas.fr\/index.php\/81-2\/\" \/>\n<meta property=\"og:locale\" content=\"fr_FR\" \/>\n<meta property=\"og:type\" content=\"article\" \/>\n<meta property=\"og:title\" content=\"Naturopathie - Marie Cabrejas\" \/>\n<meta property=\"og:description\" content=\"La naturopathie est une approche de sant\u00e9 qui met l&rsquo;accent sur le pouvoir de gu\u00e9rison naturel du corps. Elle s&rsquo;appuie sur des m\u00e9thodes naturelles telles que l&rsquo;alimentation, l&rsquo;exercice physique, le bien \u00eatre psychique, les plantes m\u00e9dicinales et d&rsquo;autres techniques pour favoriser la sant\u00e9 et le bien-\u00eatre. En se concentrant sur la pr\u00e9vention et la recherche&hellip;&nbsp;Lire la suite &raquo;Naturopathie\" \/>\n<meta property=\"og:url\" content=\"https:\/\/mariecabrejas.fr\/index.php\/81-2\/\" \/>\n<meta property=\"og:site_name\" content=\"Marie Cabrejas\" \/>\n<meta property=\"article:modified_time\" content=\"2025-09-18T12:53:13+00:00\" \/>\n<meta property=\"og:image\" content=\"https:\/\/mariecabrejas.fr\/wp-content\/uploads\/2025\/09\/gaelle-marcel-UOJeTKFwoJc-unsplash-scaled.jpg\" \/>\n\t<meta property=\"og:image:width\" content=\"1703\" \/>\n\t<meta property=\"og:image:height\" content=\"2560\" \/>\n\t<meta property=\"og:image:type\" content=\"image\/jpeg\" \/>\n<meta name=\"twitter:card\" content=\"summary_large_image\" \/>\n<meta name=\"twitter:label1\" content=\"Dur\u00e9e de lecture estim\u00e9e\" \/>\n\t<meta name=\"twitter:data1\" content=\"3 minutes\" \/>\n<script type=\"application\/ld+json\" class=\"yoast-schema-graph\">{\"@context\":\"https:\/\/schema.org\",\"@graph\":[{\"@type\":\"WebPage\",\"@id\":\"https:\/\/mariecabrejas.fr\/index.php\/81-2\/\",\"url\":\"https:\/\/mariecabrejas.fr\/index.php\/81-2\/\",\"name\":\"Naturopathie - Marie Cabrejas\",\"isPartOf\":{\"@id\":\"https:\/\/mariecabrejas.fr\/#website\"},\"primaryImageOfPage\":{\"@id\":\"https:\/\/mariecabrejas.fr\/index.php\/81-2\/#primaryimage\"},\"image\":{\"@id\":\"https:\/\/mariecabrejas.fr\/index.php\/81-2\/#primaryimage\"},\"thumbnailUrl\":\"http:\/\/mariecabrejas.fr\/wp-content\/uploads\/2025\/09\/gaelle-marcel-UOJeTKFwoJc-unsplash-681x1024.jpg\",\"datePublished\":\"2023-11-29T21:34:02+00:00\",\"dateModified\":\"2025-09-18T12:53:13+00:00\",\"breadcrumb\":{\"@id\":\"https:\/\/mariecabrejas.fr\/index.php\/81-2\/#breadcrumb\"},\"inLanguage\":\"fr-FR\",\"potentialAction\":[{\"@type\":\"ReadAction\",\"target\":[\"https:\/\/mariecabrejas.fr\/index.php\/81-2\/\"]}]},{\"@type\":\"ImageObject\",\"inLanguage\":\"fr-FR\",\"@id\":\"https:\/\/mariecabrejas.fr\/index.php\/81-2\/#primaryimage\",\"url\":\"https:\/\/mariecabrejas.fr\/wp-content\/uploads\/2025\/09\/gaelle-marcel-UOJeTKFwoJc-unsplash-scaled.jpg\",\"contentUrl\":\"https:\/\/mariecabrejas.fr\/wp-content\/uploads\/2025\/09\/gaelle-marcel-UOJeTKFwoJc-unsplash-scaled.jpg\",\"width\":1703,\"height\":2560},{\"@type\":\"BreadcrumbList\",\"@id\":\"https:\/\/mariecabrejas.fr\/index.php\/81-2\/#breadcrumb\",\"itemListElement\":[{\"@type\":\"ListItem\",\"position\":1,\"name\":\"Accueil\",\"item\":\"https:\/\/mariecabrejas.fr\/\"},{\"@type\":\"ListItem\",\"position\":2,\"name\":\"Naturopathie\"}]},{\"@type\":\"WebSite\",\"@id\":\"https:\/\/mariecabrejas.fr\/#website\",\"url\":\"https:\/\/mariecabrejas.fr\/\",\"name\":\"Marie Cabrejas\",\"description\":\"Naturopathe\",\"publisher\":{\"@id\":\"https:\/\/mariecabrejas.fr\/#organization\"},\"potentialAction\":[{\"@type\":\"SearchAction\",\"target\":{\"@type\":\"EntryPoint\",\"urlTemplate\":\"https:\/\/mariecabrejas.fr\/?s={search_term_string}\"},\"query-input\":{\"@type\":\"PropertyValueSpecification\",\"valueRequired\":true,\"valueName\":\"search_term_string\"}}],\"inLanguage\":\"fr-FR\"},{\"@type\":\"Organization\",\"@id\":\"https:\/\/mariecabrejas.fr\/#organization\",\"name\":\"Marie Cabrejas\",\"url\":\"https:\/\/mariecabrejas.fr\/\",\"logo\":{\"@type\":\"ImageObject\",\"inLanguage\":\"fr-FR\",\"@id\":\"https:\/\/mariecabrejas.fr\/#\/schema\/logo\/image\/\",\"url\":\"https:\/\/mariecabrejas.fr\/wp-content\/uploads\/2023\/11\/cropped-Logo-blanc.png\",\"contentUrl\":\"https:\/\/mariecabrejas.fr\/wp-content\/uploads\/2023\/11\/cropped-Logo-blanc.png\",\"width\":1918,\"height\":578,\"caption\":\"Marie Cabrejas\"},\"image\":{\"@id\":\"https:\/\/mariecabrejas.fr\/#\/schema\/logo\/image\/\"}}]}<\/script>\n<!-- \/ Yoast SEO plugin. -->","yoast_head_json":{"title":"Naturopathie - Marie Cabrejas","robots":{"index":"index","follow":"follow","max-snippet":"max-snippet:-1","max-image-preview":"max-image-preview:large","max-video-preview":"max-video-preview:-1"},"canonical":"https:\/\/mariecabrejas.fr\/index.php\/81-2\/","og_locale":"fr_FR","og_type":"article","og_title":"Naturopathie - Marie Cabrejas","og_description":"La naturopathie est une approche de sant\u00e9 qui met l&rsquo;accent sur le pouvoir de gu\u00e9rison naturel du corps. Elle s&rsquo;appuie sur des m\u00e9thodes naturelles telles que l&rsquo;alimentation, l&rsquo;exercice physique, le bien \u00eatre psychique, les plantes m\u00e9dicinales et d&rsquo;autres techniques pour favoriser la sant\u00e9 et le bien-\u00eatre. En se concentrant sur la pr\u00e9vention et la recherche&hellip;&nbsp;Lire la suite &raquo;Naturopathie","og_url":"https:\/\/mariecabrejas.fr\/index.php\/81-2\/","og_site_name":"Marie Cabrejas","article_modified_time":"2025-09-18T12:53:13+00:00","og_image":[{"width":1703,"height":2560,"url":"https:\/\/mariecabrejas.fr\/wp-content\/uploads\/2025\/09\/gaelle-marcel-UOJeTKFwoJc-unsplash-scaled.jpg","type":"image\/jpeg"}],"twitter_card":"summary_large_image","twitter_misc":{"Dur\u00e9e de lecture estim\u00e9e":"3 minutes"},"schema":{"@context":"https:\/\/schema.org","@graph":[{"@type":"WebPage","@id":"https:\/\/mariecabrejas.fr\/index.php\/81-2\/","url":"https:\/\/mariecabrejas.fr\/index.php\/81-2\/","name":"Naturopathie - Marie Cabrejas","isPartOf":{"@id":"https:\/\/mariecabrejas.fr\/#website"},"primaryImageOfPage":{"@id":"https:\/\/mariecabrejas.fr\/index.php\/81-2\/#primaryimage"},"image":{"@id":"https:\/\/mariecabrejas.fr\/index.php\/81-2\/#primaryimage"},"thumbnailUrl":"http:\/\/mariecabrejas.fr\/wp-content\/uploads\/2025\/09\/gaelle-marcel-UOJeTKFwoJc-unsplash-681x1024.jpg","datePublished":"2023-11-29T21:34:02+00:00","dateModified":"2025-09-18T12:53:13+00:00","breadcrumb":{"@id":"https:\/\/mariecabrejas.fr\/index.php\/81-2\/#breadcrumb"},"inLanguage":"fr-FR","potentialAction":[{"@type":"ReadAction","target":["https:\/\/mariecabrejas.fr\/index.php\/81-2\/"]}]},{"@type":"ImageObject","inLanguage":"fr-FR","@id":"https:\/\/mariecabrejas.fr\/index.php\/81-2\/#primaryimage","url":"https:\/\/mariecabrejas.fr\/wp-content\/uploads\/2025\/09\/gaelle-marcel-UOJeTKFwoJc-unsplash-scaled.jpg","contentUrl":"https:\/\/mariecabrejas.fr\/wp-content\/uploads\/2025\/09\/gaelle-marcel-UOJeTKFwoJc-unsplash-scaled.jpg","width":1703,"height":2560},{"@type":"BreadcrumbList","@id":"https:\/\/mariecabrejas.fr\/index.php\/81-2\/#breadcrumb","itemListElement":[{"@type":"ListItem","position":1,"name":"Accueil","item":"https:\/\/mariecabrejas.fr\/"},{"@type":"ListItem","position":2,"name":"Naturopathie"}]},{"@type":"WebSite","@id":"https:\/\/mariecabrejas.fr\/#website","url":"https:\/\/mariecabrejas.fr\/","name":"Marie Cabrejas","description":"Naturopathe","publisher":{"@id":"https:\/\/mariecabrejas.fr\/#organization"},"potentialAction":[{"@type":"SearchAction","target":{"@type":"EntryPoint","urlTemplate":"https:\/\/mariecabrejas.fr\/?s={search_term_string}"},"query-input":{"@type":"PropertyValueSpecification","valueRequired":true,"valueName":"search_term_string"}}],"inLanguage":"fr-FR"},{"@type":"Organization","@id":"https:\/\/mariecabrejas.fr\/#organization","name":"Marie Cabrejas","url":"https:\/\/mariecabrejas.fr\/","logo":{"@type":"ImageObject","inLanguage":"fr-FR","@id":"https:\/\/mariecabrejas.fr\/#\/schema\/logo\/image\/","url":"https:\/\/mariecabrejas.fr\/wp-content\/uploads\/2023\/11\/cropped-Logo-blanc.png","contentUrl":"https:\/\/mariecabrejas.fr\/wp-content\/uploads\/2023\/11\/cropped-Logo-blanc.png","width":1918,"height":578,"caption":"Marie Cabrejas"},"image":{"@id":"https:\/\/mariecabrejas.fr\/#\/schema\/logo\/image\/"}}]}},"_links":{"self":[{"href":"https:\/\/mariecabrejas.fr\/index.php\/wp-json\/wp\/v2\/pages\/81","targetHints":{"allow":["GET"]}}],"collection":[{"href":"https:\/\/mariecabrejas.fr\/index.php\/wp-json\/wp\/v2\/pages"}],"about":[{"href":"https:\/\/mariecabrejas.fr\/index.php\/wp-json\/wp\/v2\/types\/page"}],"author":[{"embeddable":true,"href":"https:\/\/mariecabrejas.fr\/index.php\/wp-json\/wp\/v2\/users\/1"}],"replies":[{"embeddable":true,"href":"https:\/\/mariecabrejas.fr\/index.php\/wp-json\/wp\/v2\/comments?post=81"}],"version-history":[{"count":78,"href":"https:\/\/mariecabrejas.fr\/index.php\/wp-json\/wp\/v2\/pages\/81\/revisions"}],"predecessor-version":[{"id":791,"href":"https:\/\/mariecabrejas.fr\/index.php\/wp-json\/wp\/v2\/pages\/81\/revisions\/791"}],"wp:attachment":[{"href":"https:\/\/mariecabrejas.fr\/index.php\/wp-json\/wp\/v2\/media?parent=81"}],"curies":[{"name":"wp","href":"https:\/\/api.w.org\/{rel}","templated":true}]}}